{"id":446,"date":"2021-05-06T15:55:45","date_gmt":"2021-05-06T15:55:45","guid":{"rendered":"http:\/\/allatmentoliga.com\/?page_id=446"},"modified":"2021-05-08T18:48:20","modified_gmt":"2021-05-08T18:48:20","slug":"virtualis-orokbefogadas","status":"publish","type":"page","link":"https:\/\/allatmentoliga.com\/index.php\/virtualis-orokbefogadas\/","title":{"rendered":"Virtu\u00e1lis \u00f6r\u00f6kbefogad\u00e1s"},"content":{"rendered":"<div id=\"fb-root\"><\/div>\n<p><\/p>\n<h1>Virtu\u00e1lis \u00f6r\u00f6kbefogad\u00e1s<\/h1>\n<p><\/p>\n\n\n\n\n<p>T\u00e1j\u00e9koztatjuk, hogy a Feliratkoz\u00e1s gomb megnyom\u00e1s\u00e1val, elfogadja az Adatkezel\u00e9si T\u00e1j\u00e9koztat\u00f3nkat. Amennyiben m\u00e9g nem olvasta \u00e1t, ide kattintva megteheti: <a href=\"https:\/\/allatmentoliga.com\/index.php\/adatkezelesi-tajekoztato\/\">https:\/\/allatmentoliga.com\/index.php\/adatkezelesi-tajekoztato\/<\/a><\/p>\n","protected":false},"excerpt":{"rendered":"<p>Virtu\u00e1lis \u00f6r\u00f6kbefogad\u00e1s T\u00e1j\u00e9koztatjuk, hogy a Feliratkoz\u00e1s gomb megnyom\u00e1s\u00e1val, elfogadja az Adatkezel\u00e9si T\u00e1j\u00e9koztat\u00f3nkat. Amennyiben m\u00e9g nem olvasta \u00e1t, ide kattintva megteheti: https:\/\/allatmentoliga.com\/index.php\/adatkezelesi-tajekoztato\/<\/p>\n","protected":false},"author":1,"featured_media":0,"parent":0,"menu_order":0,"comment_status":"closed","ping_status":"closed","template":"","meta":{"footnotes":""},"class_list":["post-446","page","type-page","status-publish","hentry"],"_links":{"self":[{"href":"https:\/\/allatmentoliga.com\/index.php\/wp-json\/wp\/v2\/pages\/446","targetHints":{"allow":["GET"]}}],"collection":[{"href":"https:\/\/allatmentoliga.com\/index.php\/wp-json\/wp\/v2\/pages"}],"about":[{"href":"https:\/\/allatmentoliga.com\/index.php\/wp-json\/wp\/v2\/types\/page"}],"author":[{"embeddable":true,"href":"https:\/\/allatmentoliga.com\/index.php\/wp-json\/wp\/v2\/users\/1"}],"replies":[{"embeddable":true,"href":"https:\/\/allatmentoliga.com\/index.php\/wp-json\/wp\/v2\/comments?post=446"}],"version-history":[{"count":3,"href":"https:\/\/allatmentoliga.com\/index.php\/wp-json\/wp\/v2\/pages\/446\/revisions"}],"predecessor-version":[{"id":536,"href":"https:\/\/allatmentoliga.com\/index.php\/wp-json\/wp\/v2\/pages\/446\/revisions\/536"}],"wp:attachment":[{"href":"https:\/\/allatmentoliga.com\/index.php\/wp-json\/wp\/v2\/media?parent=446"}],"curies":[{"name":"wp","href":"https:\/\/api.w.org\/{rel}","templated":true}]}}