{"id":26,"date":"2018-03-27T04:56:07","date_gmt":"2018-03-27T04:56:07","guid":{"rendered":"http:\/\/allatmentoliga.com\/?page_id=26"},"modified":"2025-11-14T21:23:07","modified_gmt":"2025-11-14T21:23:07","slug":"partnereink","status":"publish","type":"page","link":"https:\/\/allatmentoliga.com\/index.php\/partnereink\/","title":{"rendered":"Partnereink"},"content":{"rendered":"<div id=\"fb-root\"><\/div>\n\t\t<div data-elementor-type=\"wp-page\" data-elementor-id=\"26\" class=\"elementor elementor-26\">\n\t\t\t\t<div class=\"elementor-element elementor-element-aa9e796 e-flex e-con-boxed e-con e-parent\" data-id=\"aa9e796\" data-element_type=\"container\">\n\t\t\t\t\t<div class=\"e-con-inner\">\n\t\t\t\t<div class=\"elementor-element elementor-element-8fe5c01 elementor-position-top elementor-widget elementor-widget-image-box\" data-id=\"8fe5c01\" data-element_type=\"widget\" data-widget_type=\"image-box.default\">\n\t\t\t\t\t<div class=\"elementor-image-box-wrapper\"><figure class=\"elementor-image-box-img\"><a href=\"https:\/\/tuzestal.hu\/\" tabindex=\"-1\"><img decoding=\"async\" width=\"200\" height=\"97\" src=\"https:\/\/allatmentoliga.com\/wp-content\/uploads\/2025\/11\/aa-e1509047691622.png\" class=\"attachment-full size-full wp-image-895\" alt=\"\" \/><\/a><\/figure><div class=\"elementor-image-box-content\"><h3 class=\"elementor-image-box-title\"><a href=\"https:\/\/tuzestal.hu\/\">T\u00fczest\u00e1l<\/a><\/h3><p class=\"elementor-image-box-description\">Kiss Tam\u00e1s vagyok, a T\u00fczest\u00e1l tulajdonosa \u00e9s s\u00e9fje, szeretettel k\u00f6sz\u00f6ntelek \u00e9tterm\u00fcnk online fel\u00fclet\u00e9n !<\/p><\/div><\/div>\t\t\t\t<\/div>\n\t\t\t\t\t<\/div>\n\t\t\t\t<\/div>\n\t\t<div class=\"elementor-element elementor-element-fd3f8bc e-flex e-con-boxed e-con e-parent\" data-id=\"fd3f8bc\" data-element_type=\"container\">\n\t\t\t\t\t<div class=\"e-con-inner\">\n\t\t\t\t<div class=\"elementor-element elementor-element-79d0c6c elementor-position-top elementor-widget elementor-widget-image-box\" data-id=\"79d0c6c\" data-element_type=\"widget\" data-widget_type=\"image-box.default\">\n\t\t\t\t\t<div class=\"elementor-image-box-wrapper\"><figure class=\"elementor-image-box-img\"><img decoding=\"async\" width=\"300\" height=\"137\" src=\"https:\/\/allatmentoliga.com\/wp-content\/uploads\/2025\/11\/000027713_00_ujpest.jpg.jpg_orig-300x137-1.jpg\" class=\"attachment-full size-full wp-image-894\" alt=\"\" \/><\/figure><div class=\"elementor-image-box-content\"><h3 class=\"elementor-image-box-title\">\u00dajpest \u00d6nkorm\u00e1nyzata<\/h3><\/div><\/div>\t\t\t\t<\/div>\n\t\t\t\t\t<\/div>\n\t\t\t\t<\/div>\n\t\t<div class=\"elementor-element elementor-element-8cb1f6e e-flex e-con-boxed e-con e-parent\" data-id=\"8cb1f6e\" data-element_type=\"container\">\n\t\t\t\t\t<div class=\"e-con-inner\">\n\t\t\t\t<div class=\"elementor-element elementor-element-f3a7618 elementor-position-top elementor-widget elementor-widget-image-box\" data-id=\"f3a7618\" data-element_type=\"widget\" data-widget_type=\"image-box.default\">\n\t\t\t\t\t<div class=\"elementor-image-box-wrapper\"><figure class=\"elementor-image-box-img\"><img fetchpriority=\"high\" decoding=\"async\" width=\"393\" height=\"128\" src=\"https:\/\/allatmentoliga.com\/wp-content\/uploads\/2025\/11\/images-3-2.jpg\" class=\"attachment-full size-full wp-image-998\" alt=\"\" srcset=\"https:\/\/allatmentoliga.com\/wp-content\/uploads\/2025\/11\/images-3-2.jpg 393w, https:\/\/allatmentoliga.com\/wp-content\/uploads\/2025\/11\/images-3-2-300x98.jpg 300w\" sizes=\"(max-width: 393px) 100vw, 393px\" \/><\/figure><div class=\"elementor-image-box-content\"><h3 class=\"elementor-image-box-title\">Holland P\u00e1zsit<\/h3><p class=\"elementor-image-box-description\">Holland m\u0171f\u0171 el\u00e9rhet\u0151 \u00e1rakon!<\/p><\/div><\/div>\t\t\t\t<\/div>\n\t\t\t\t\t<\/div>\n\t\t\t\t<\/div>\n\t\t<div class=\"elementor-element elementor-element-bb55a1a e-flex e-con-boxed e-con e-parent\" data-id=\"bb55a1a\" data-element_type=\"container\">\n\t\t\t\t\t<div class=\"e-con-inner\">\n\t\t\t\t<div class=\"elementor-element elementor-element-50a87f1 elementor-position-top elementor-widget elementor-widget-image-box\" data-id=\"50a87f1\" data-element_type=\"widget\" data-widget_type=\"image-box.default\">\n\t\t\t\t\t<div class=\"elementor-image-box-wrapper\"><figure class=\"elementor-image-box-img\"><img loading=\"lazy\" decoding=\"async\" width=\"170\" height=\"375\" src=\"https:\/\/allatmentoliga.com\/wp-content\/uploads\/2025\/11\/panzi-banner-1.jpg\" class=\"attachment-full size-full wp-image-901\" alt=\"\" srcset=\"https:\/\/allatmentoliga.com\/wp-content\/uploads\/2025\/11\/panzi-banner-1.jpg 170w, https:\/\/allatmentoliga.com\/wp-content\/uploads\/2025\/11\/panzi-banner-1-136x300.jpg 136w\" sizes=\"(max-width: 170px) 100vw, 170px\" \/><\/figure><div class=\"elementor-image-box-content\"><h3 class=\"elementor-image-box-title\">Panzi-Pet<\/h3><p class=\"elementor-image-box-description\">Fontos sz\u00e1munkra, hogy egy minden \u00edz\u00e9ben magyar term\u00e9kcsal\u00e1dot \u00e9p\u00edts\u00fcnk. B\u00fcszk\u00e9k vagyunk r\u00e1, hogy term\u00e9keink Magyarorsz\u00e1gon k\u00e9sz\u00fclnek, hazai receptek alapj\u00e1n, itthoni kreat\u00edv szakember g\u00e1rd\u00e1nk tervei szerint.<\/p><\/div><\/div>\t\t\t\t<\/div>\n\t\t\t\t\t<\/div>\n\t\t\t\t<\/div>\n\t\t\t\t<\/div>\n\t\t","protected":false},"excerpt":{"rendered":"<p>T\u00fczest\u00e1l Kiss Tam\u00e1s vagyok, a T\u00fczest\u00e1l tulajdonosa \u00e9s s\u00e9fje, szeretettel k\u00f6sz\u00f6ntelek \u00e9tterm\u00fcnk online fel\u00fclet\u00e9n ! \u00dajpest \u00d6nkorm\u00e1nyzata Holland P\u00e1zsit Holland m\u0171f\u0171 el\u00e9rhet\u0151 \u00e1rakon! Panzi-Pet Fontos sz\u00e1munkra, hogy egy minden \u00edz\u00e9ben magyar term\u00e9kcsal\u00e1dot \u00e9p\u00edts\u00fcnk. B\u00fcszk\u00e9k vagyunk r\u00e1, hogy term\u00e9keink Magyarorsz\u00e1gon k\u00e9sz\u00fclnek, hazai receptek alapj\u00e1n, itthoni kreat\u00edv szakember g\u00e1rd\u00e1nk tervei szerint.<\/p>\n","protected":false},"author":1,"featured_media":0,"parent":0,"menu_order":0,"comment_status":"closed","ping_status":"closed","template":"","meta":{"footnotes":""},"class_list":["post-26","page","type-page","status-publish","hentry"],"_links":{"self":[{"href":"https:\/\/allatmentoliga.com\/index.php\/wp-json\/wp\/v2\/pages\/26","targetHints":{"allow":["GET"]}}],"collection":[{"href":"https:\/\/allatmentoliga.com\/index.php\/wp-json\/wp\/v2\/pages"}],"about":[{"href":"https:\/\/allatmentoliga.com\/index.php\/wp-json\/wp\/v2\/types\/page"}],"author":[{"embeddable":true,"href":"https:\/\/allatmentoliga.com\/index.php\/wp-json\/wp\/v2\/users\/1"}],"replies":[{"embeddable":true,"href":"https:\/\/allatmentoliga.com\/index.php\/wp-json\/wp\/v2\/comments?post=26"}],"version-history":[{"count":21,"href":"https:\/\/allatmentoliga.com\/index.php\/wp-json\/wp\/v2\/pages\/26\/revisions"}],"predecessor-version":[{"id":1005,"href":"https:\/\/allatmentoliga.com\/index.php\/wp-json\/wp\/v2\/pages\/26\/revisions\/1005"}],"wp:attachment":[{"href":"https:\/\/allatmentoliga.com\/index.php\/wp-json\/wp\/v2\/media?parent=26"}],"curies":[{"name":"wp","href":"https:\/\/api.w.org\/{rel}","templated":true}]}}