{"id":152,"date":"2018-08-23T05:09:28","date_gmt":"2018-08-23T05:09:28","guid":{"rendered":"http:\/\/allatmentoliga.com\/?page_id=152"},"modified":"2021-05-08T14:08:55","modified_gmt":"2021-05-08T14:08:55","slug":"hogyan-segithetsz","status":"publish","type":"page","link":"https:\/\/allatmentoliga.com\/index.php\/hogyan-segithetsz\/","title":{"rendered":"Hogyan seg\u00edthetsz"},"content":{"rendered":"<div id=\"fb-root\"><\/div>\n<p style=\"text-align: left;\">Az \u00c1llatment\u0151 Liga f\u00fcggetlen szervezet: kiz\u00e1r\u00f3lag \u00f6nk\u00e9ntesekkel dolgozunk, a ment\u00e9seket, a mentett \u00e1llatok orvosi k\u00f6lts\u00e9geit, etet\u00e9s\u00e9t, ell\u00e1t\u00e1s\u00e1t, a szervezetet fenntart\u00e1s\u00e1t saj\u00e1t forr\u00e1sainkb\u00f3l \u00e9s adom\u00e1nyokb\u00f3l finansz\u00edrozzuk.<\/p>\n<p style=\"text-align: left;\">\u00c9ppen ez\u00e9rt a te seg\u00edts\u00e9gedre is sz\u00e1m\u00edtunk! Sokf\u00e9le m\u00f3don t\u00e1mogathatsz minket: p\u00e9nzzel, t\u00e1rgyi adom\u00e1nnyal, \u00f6nk\u00e9ntes munk\u00e1val.<\/p>\n<p style=\"text-align: left;\">Ne feledd: sok kicsi sokra megy! A legkisebb seg\u00edts\u00e9g is sokat jelent!<\/p>\n<p style=\"text-align: left;\">\u00c1ltaluk m\u00e9g t\u00f6bb \u00e1llatot menthet\u00fcnk, m\u00e9g t\u00f6bb \u00e9let\u00e9t tehetj\u00fck jobb\u00e1!<\/p>\n<h2><\/h2>\n<h2 style=\"text-align: left;\"><span style=\"color: #63c;\">T\u00e1rgyi adom\u00e1ny<\/span><\/h2>\n<p style=\"text-align: left;\">Nem is sejten\u00e9d, mennyi minden. Az is sokat jelent, ha bev\u00e1s\u00e1rl\u00e1sn\u00e1l egy-egy konzervet veszel a adom\u00e1nyk\u00e9nt.<\/p>\n<p style=\"text-align: left;\"><b>Ami mindig j\u00f3l j\u00f6n:<\/b><\/p>\n<p style=\"text-align: left;\"><b> <\/b>\u00a0\u00a0 \u00a0 \u00a0 \u00a0\u00a0 \u00a0 \u00a0&#8211; Meleg takar\u00f3, ruha, \u00e1gynem\u0171, sz\u0151nyeg, h\u00e1ztart\u00e1si textil<br \/>\n&#8211; Felszerel\u00e9s: nyak\u00f6rv, p\u00f3r\u00e1z, h\u00e1m, fekhely, sz\u00e1ll\u00edt\u00f3ketrec, stb.<br \/>\n&#8211; T\u00e1pok (sz\u00e1razt\u00e1p, konzerv), speci\u00e1lis t\u00e1pok (pl. anyatejp\u00f3tl\u00f3), gy\u00f3gyszerek, k\u00f6tszerek, fert\u0151tlen\u00edt\u0151szer, stb.<\/p>\n<p style=\"text-align: left;\"><b>FONTOS!<\/b> Nem baj, ha valami haszn\u00e1lt, de k\u00e9r\u00fcnk, csak olyasmit adj, amit te is elfogadn\u00e1l, \u00e9s ami tiszta, j\u00f3 haszn\u00e1lhat\u00f3!<\/p>\n<p style=\"text-align: center;\"><b>T\u00e1rgyi adom\u00e1nnyal kapcsolatos k\u00e9rd\u00e9seidet a k\u00f6vetkez\u0151 e-mailc\u00edmre v\u00e1rjuk!<\/b><br \/>\n<a href=\"mailto:orokbefogadas@allatmentoliga.com\">orokbefogadas@allatmentoliga.com<\/a><\/p>\n<h2><\/h2>\n<h2 style=\"text-align: left;\"><span style=\"color: #63c;\">P\u00e9nzadom\u00e1ny<\/span><\/h2>\n<p style=\"text-align: left;\">K\u00e9tf\u00e9le m\u00f3don is seg\u00edthetsz:<\/p>\n<p style=\"text-align: left;\">\u00a0 \u00a0\u00a0 \u00a0 \u00a0 \u00a0\u00a0 \u00a0<b>&#8211; Banki \u00e1tutal\u00e1s<\/b><\/p>\n<p style=\"text-align: left;\">Bansz\u00e1mlasz\u00e1munk: MKB 10300002-10585253-49020017<br \/>\nK\u00fclf\u00f6ldr\u0151l: (IBAN) HU85 103000021058525349020017<br \/>\nSWIFT (BIC) k\u00f3d: MKKBHUHB<\/p>\n<p style=\"text-align: left;\">Lehet\u0151s\u00e9ged van rendszeres \u00e1tutal\u00e1st is be\u00e1ll\u00edtani, \u00edgy minden h\u00f3napban \u00e1tutalja bankod a nek\u00fcnk sz\u00e1nt \u00f6sszeget.<\/p>\n<p style=\"text-align: left;\">\u00a0 \u00a0\u00a0 \u00a0 \u00a0 \u00a0\u00a0 \u00a0<b>&#8211; PayPal befizet\u00e9s<\/b><\/p>\n<p style=\"text-align: left;\"><a href=\"https:\/\/www.paypal.com\/myaccount\/transfer\/send\" target=\"_blank\" rel=\"noopener\"><img decoding=\"async\" class=\"alignnone wp-image-153\" src=\"http:\/\/allatmentoliga.com\/wp-content\/uploads\/2018\/08\/paypal-300x104.jpg\" alt=\"\" width=\"190\" height=\"66\" srcset=\"https:\/\/allatmentoliga.com\/wp-content\/uploads\/2018\/08\/paypal-300x104.jpg 300w, https:\/\/allatmentoliga.com\/wp-content\/uploads\/2018\/08\/paypal-768x266.jpg 768w, https:\/\/allatmentoliga.com\/wp-content\/uploads\/2018\/08\/paypal-1024x354.jpg 1024w, https:\/\/allatmentoliga.com\/wp-content\/uploads\/2018\/08\/paypal.jpg 2048w\" sizes=\"(max-width: 190px) 100vw, 190px\" \/><\/a><\/p>\n<p style=\"text-align: left;\">marketing@allatmentoliga.com<\/p>\n<p style=\"text-align: left;\">SWIFT (BIC) k\u00f3d: MKKBHUHB<\/p>\n<h2 style=\"text-align: left;\"><span style=\"color: #63c;\">\u00d6nk\u00e9ntes munka<\/span><\/h2>\n<p style=\"text-align: left;\">Akt\u00edvan is r\u00e9szt vehetsz az \u00e1llatok ment\u00e9s\u00e9ben, els\u0151sorban <b>ideiglenes \u00f6r\u00f6kbefogad\u00f3k<\/b> jelentkez\u00e9s\u00e9t v\u00e1rjuk, de olykor m\u00e1s feladat is ad\u00f3dhat, pl. elfuvarozni egy \u00e1llatot, adom\u00e1nyt valahova, rendezv\u00e9nyeken seg\u00edteni, stb. R\u00e9szletek\u00e9rt \u00e9rdekl\u0151dj itt!<\/p>\n<h1><img fetchpriority=\"high\" decoding=\"async\" class=\"alignnone wp-image-251\" src=\"http:\/\/allatmentoliga.com\/wp-content\/uploads\/2019\/06\/64821725_2951464381562568_6172645238813753344_n-212x300.jpg\" alt=\"\" width=\"322\" height=\"456\" srcset=\"https:\/\/allatmentoliga.com\/wp-content\/uploads\/2019\/06\/64821725_2951464381562568_6172645238813753344_n-212x300.jpg 212w, https:\/\/allatmentoliga.com\/wp-content\/uploads\/2019\/06\/64821725_2951464381562568_6172645238813753344_n.jpg 678w\" sizes=\"(max-width: 322px) 100vw, 322px\" \/><\/h1>\n<h3><span style=\"color: #000000;\"><strong>Jelentkezz,<\/strong><\/span><br \/>\n<span style=\"color: #000000;\"> <strong> &#8211; ha szereted az \u00e1llatokat<\/strong><\/span><br \/>\n<span style=\"color: #000000;\"> <strong> &#8211; ha szeretn\u00e9l tenni \u00c9rt\u00fck<\/strong><\/span><br \/>\n<span style=\"color: #000000;\"> <strong> &#8211; ha budapesti vagy<\/strong><\/span><br \/>\n<span style=\"color: #000000;\"> <strong> Jogos\u00edtv\u00e1ny el\u0151ny!<\/strong><\/span><\/h3>\n<p style=\"text-align: center;\"><b>Jelentkezni lehet:<\/b><\/p>\n<p style=\"text-align: center;\"><a href=\"mailto:orokbefogadas@allatmentoliga.com\">orokbefogadas@allatmentoliga.com<\/a><\/p>\n<p style=\"text-align: center;\">Tov\u00e1bbi inform\u00e1ci\u00f3\u00e9rt keresd fel Facebook-oldalainkat!<\/p>\n<p style=\"text-align: center;\">\u00c1llatment\u0151 Liga: <a href=\"https:\/\/www.facebook.com\/AllatmentoLiga\/\" target=\"new\" rel=\"noopener\">https:\/\/www.facebook.com\/AllatmentoLiga\/<\/a><br \/>\n\u00d6r\u00f6kbead\u00e1si Csoport: <a href=\"https:\/\/www.facebook.com\/AllatmentoLigaorokbeadocsoport\/\" target=\"new\" rel=\"noopener\">https:\/\/www.facebook.com\/AllatmentoLigaorokbeadocsoport\/<\/a><br \/>\n\u00c1llat- \u00e9s term\u00e9szetv\u00e9delmi J\u00e1r\u0151rszolg\u00e1lat, \u00dajpest: <a href=\"https:\/\/www.facebook.com\/ujpestjaror\/\" target=\"new\" rel=\"noopener\">https:\/\/www.facebook.com\/ujpestjaror\/<\/a><\/p>\n","protected":false},"excerpt":{"rendered":"<p>Az \u00c1llatment\u0151 Liga f\u00fcggetlen szervezet: kiz\u00e1r\u00f3lag \u00f6nk\u00e9ntesekkel dolgozunk, a ment\u00e9seket, a mentett \u00e1llatok orvosi k\u00f6lts\u00e9geit, etet\u00e9s\u00e9t, ell\u00e1t\u00e1s\u00e1t, a szervezetet fenntart\u00e1s\u00e1t saj\u00e1t forr\u00e1sainkb\u00f3l \u00e9s adom\u00e1nyokb\u00f3l finansz\u00edrozzuk. \u00c9ppen ez\u00e9rt a te seg\u00edts\u00e9gedre is sz\u00e1m\u00edtunk! Sokf\u00e9le m\u00f3don t\u00e1mogathatsz minket: p\u00e9nzzel, t\u00e1rgyi adom\u00e1nnyal, \u00f6nk\u00e9ntes munk\u00e1val. Ne feledd: sok kicsi sokra megy! A legkisebb seg\u00edts\u00e9g is sokat jelent! \u00c1ltaluk m\u00e9g [&hellip;]<\/p>\n","protected":false},"author":1,"featured_media":0,"parent":0,"menu_order":8,"comment_status":"closed","ping_status":"closed","template":"","meta":{"footnotes":""},"class_list":["post-152","page","type-page","status-publish","hentry"],"_links":{"self":[{"href":"https:\/\/allatmentoliga.com\/index.php\/wp-json\/wp\/v2\/pages\/152","targetHints":{"allow":["GET"]}}],"collection":[{"href":"https:\/\/allatmentoliga.com\/index.php\/wp-json\/wp\/v2\/pages"}],"about":[{"href":"https:\/\/allatmentoliga.com\/index.php\/wp-json\/wp\/v2\/types\/page"}],"author":[{"embeddable":true,"href":"https:\/\/allatmentoliga.com\/index.php\/wp-json\/wp\/v2\/users\/1"}],"replies":[{"embeddable":true,"href":"https:\/\/allatmentoliga.com\/index.php\/wp-json\/wp\/v2\/comments?post=152"}],"version-history":[{"count":12,"href":"https:\/\/allatmentoliga.com\/index.php\/wp-json\/wp\/v2\/pages\/152\/revisions"}],"predecessor-version":[{"id":501,"href":"https:\/\/allatmentoliga.com\/index.php\/wp-json\/wp\/v2\/pages\/152\/revisions\/501"}],"wp:attachment":[{"href":"https:\/\/allatmentoliga.com\/index.php\/wp-json\/wp\/v2\/media?parent=152"}],"curies":[{"name":"wp","href":"https:\/\/api.w.org\/{rel}","templated":true}]}}